he third derivative of w(b). Give x(0).
5
Let o(h) be the third derivative of h**6/24 - h**4/24 - h**3/6 - 17*h**2. Calculate o(-1).
-5
Let f(j) be the second derivative of 0 + 1/3*j**4 - j**2 - 4*j + 1/20*j**5 + 0*j**3. Calculate f(-3).
7
Let t(b) = -b + 5. Suppose 8*n - 12 = 6*n. Give t(n).
-1
Suppose -28 = -0*n + 4*n. Let q(k) = k**2 + 6*k - 9. Calculate q(n).
-2
Let n(q) = 1 + q - 6 + 2*q + 2*q**2. Let z(w) = -w**2 + 1. Let j(i) = -n(i) - 3*z(i). Let u(r) be the first derivative of j(r). Determine u(4).
5
Let o(x) = x**3 + 7*x**2 + 4*x - 7. Let c(p) = -p**3 - 7*p**2 - 6. Let g = -5 + -2. Let v be c(g). Determine o(v).
5
Let s = -200 - -197. Let j(q) = q**2 + q. Give j(s).
6
Suppose -8*j = -3*j - 15. Let r(z) = z**3 - 2*z**2 - 3*z + 1. What is r(j)?
1
Let h(z) be the second derivative of -z**4/12 - 5*z**3/6 + z**2 - 2*z. Suppose 2*g + 4*y - 2 = 0, g + 13 + 11 = 3*y. Let s be 4/(-2)*g/(-6). Determine h(s).
8
Let l(y) = y + 7 - 16 + 13 + 0*y. Give l(4).
8
Suppose f = o + 3*o - 1, 2*o + 10 = 2*f. Let u = f - 5. Let t(h) be the first derivative of h**2/2 + h - 1. Calculate t(u).
3
Let x(t) = 2*t - 7. Let o be x(5). Let k(z) be the first derivative of z**3/3 - 2*z**2 - 2*z - 3. Give k(o).
-5
Let r(i) be the third derivative of -i**6/120 - i**5/15 - i**4/12 - 5*i**3/6 + 3*i**2. Give r(-4).
3
Let u(q) be the first derivative of 1/4*q**4 + q**3 - 7 - 3*q - 3*q**2. Give u(-4).
5
Let s(a) = a - 2. Suppose u + 0 = 11. Let h(w) be the first derivative of w**3/3 - 11*w**2/2 - 3*w - 2. Let b be h(u). Calculate s(b).
-5
Let o = -16 + 21. Let v(x) be the second derivative of -x**4/12 + 7*x**3/6 - 7*x**2/2 - 2*x. Give v(o).
3
Let r be (-2)/(-6) + (-39)/9. Let i = -3 - -5. Let s(m) = m**3 + 7*m + 5*m**i - 3*m + 3 + 2. Calculate s(r).
5
Let g(i) = 7*i**3 - 16*i**2 + 19*i - 12. Suppose 0 = v - 6*v + 25. Let x(a) = 11*a**3 - 24*a**2 + 29*a - 18. Let w(o) = v*x(o) - 8*g(o). Determine w(7).
6
Let q(z) = -5*z + 3. Let d(o) be the second derivative of -o**3/6 + 3*o. Let k(w) = 4*d(w) - q(w). Determine k(0).
-3
Suppose -3*p + 16 = 10. Let j(y) = 1 - 3 - 4*y + 2*y. Give j(p).
-6
Suppose 3*v + 10 = 5*v. Let g be (-8)/(1/(-1)) - -2. Suppose -g = 2*z - 4*s, 0*z + 5*s = -z - v. Let h(x) = -x**2 - 4*x + 7. Calculate h(z).
2
Let g(a) = 0*a + a - 1 - 2*a + 4. Let q be (-2)/(-9) + (-4)/18. Calculate g(q).
3
Suppose 0 = 5*q + 3*w - 1, -q - 2*w - 10 = -3*q. Suppose -y + q = 5*k, -2*k + 2 = 6*y - 5*y. Let f(t) = t**2 + 3 + 0*t + 0*t. Give f(k).
3
Let b be (9/(-6))/(9/(-12)). Let u(a) = 3*a**3 - 2*a**2 + 2*a - 3. Calculate u(b).
17
Let d(j) be the third derivative of -j**4/12 + j**3/6 + 13*j**2. What is d(-3)?
7
Suppose 4 = -2*d + o, 4*o = 2*d + 3*d + 10. Let z(s) = -s**2 + 3 + 1 - 3*s - 2. Calculate z(d).
4
Let h(q) = -4*q**2 - 5 + 0*q**2 + 4*q**2 + 4*q - q**2. Determine h(5).
-10
Let d(a) = -16*a**3 + 9*a**2 + 10*a + 6. Let z(j) = -3*j**3 + 2*j**2 + 2*j + 1. Let i(y) = -2*d(y) + 11*z(y). Let q(t) = t - 3. Let c be q(7). Calculate i(c).
7
Let c(q) be the first derivative of q**3/3 - 7*q**2/2 + 6*q - 1. Let z = -2 - -20. Suppose -5*d = -7 - z. Calculate c(d).
-4
Let d(c) be the second derivative of -c**4/4 + c**3/3 + c**2/2 + 6*c. What is d(2)?
-7
Let a(g) = g + 4. Suppose 4*u - 10 = -2. Suppose u*i - 7*i - 25 = 0. Give a(i).
-1
Let s(h) be the second derivative of -h**5/20 + h**4/2 - 7*h**3/6 + 2*h**2 + 58*h - 1. Suppose 2*y + 7 = -15. Let m = 15 + y. Calculate s(m).
8
Let j(f) = -44 + 44 - f. What is j(-6)?
6
Let f(i) = 3*i + 0 - 12 + 9 + i**2. Give f(-5).
7
Let p(l) = -l**3 + l**2 + 1. Suppose -3*a - b = 3, 0*a + 3*a + 3*b + 9 = 0. Give p(a).
1
Let m(b) be the first derivative of b**4/24 + b**3/2 + b**2 + 2. Let w(q) be the second derivative of m(q). Let p(o) = 2*o + 1. Let k be p(-3). Give w(k).
-2
Let d(f) = -f**3 - 3*f**2 + 2*f. Let r be d(-3). Let p(a) be the third derivative of a**6/120 + a**5/12 - a**4/4 - a**3/2 - 7*a**2. Give p(r).
-3
Let l(b) be the first derivative of -b**5/20 - 7*b**4/12 - 5*b**3/6 - b**2 + 4*b - 3. Let t(i) be the first derivative of l(i). Give t(-6).
-8
Suppose 2*j = 2*d + 3 - 1, 5*j - 5 = d. Let t(m) = 10*m**2 + d*m - 9*m**2 + m - 5. Determine t(-4).
7
Let z(k) = 3*k**2 - k + 0*k**2 - 2*k**2. What is z(0)?
0
Let c(n) = -2*n - 2. Let j be (-1 + 4)*-1 + (-50)/(-10). Determine c(j).
-6
Let v(s) = -s**3 + 6*s**2 + 2*s - 2. Suppose 0 = -0*o - 3*o + 18. What is v(o)?
10
Let t(k) be the third derivative of 1/15*k**5 - 1/6*k**3 + 0*k + 0 - 1/8*k**4 - 5*k**2 - 1/120*k**6. Give t(3).
-1
Let z(l) = -l**2 - l - 3. Let r(a) = -a**2 - a - 2. Let g(w) = 5*r(w) - 4*z(w). What is g(0)?
2
Let t(c) = -c**3 - 8*c**2 - 8*c + 2. Let o(j) = 2*j**3 + 13*j**2 - 4*j + 14. Let m be o(-7). What is t(m)?
9
Let n(b) be the third derivative of -b**9/60480 + b**8/6720 - b**7/1680 + b**6/720 + b**5/10 - 5*b**2. Let f(p) be the third derivative of n(p). Calculate f(2).
-1
Suppose -2 = 5*m - 7. Let g(i) = -2 + 0*i - m + i - 10. Determine g(6).
-7
Let s = 13 - 21. Let x = -5 - s. Let k(p) = p**3 - 2*p**x + 5*p + 6*p**2 - 3*p**2 + 2. Determine k(4).
6
Let h(a) be the first derivative of -2*a**3/3 + 2*a**2 - 2*a + 9. Let r = -10 - -13. What is h(r)?
-8
Let g(d) be the second derivative of -d**3/2 - d**2 - d. Let n(y) = y - 11. Let t be n(13). Calculate g(t).
-8
Suppose 4*u = 4*h + 8, 0*h + 4*h - 3*u + 4 = 0. Let w(g) be the first derivative of h - 5*g + 1/2*g**2. What is w(3)?
-2
Let j(i) = -2*i + 2. Let b(r) = -r + 3. Let p(u) = -3*b(u) + 2*j(u). Suppose -5*t + 3*t - 8 = 0. Give p(t).
-1
Let h be (-3)/5 - (-6)/(-15). Let t(j) be the third derivative of -j**2 + 0*j + 1/20*j**5 + 1/6*j**3 + 0 + 1/12*j**4. Determine t(h).
2
Let o(w) = -w**3 + 11*w**2 - 16*w - 22. Let c be o(9). Let z(x) = -x + 3. Give z(c).
7
Let s(h) = 2 - 8*h**2 + 16*h**2 + h**3 - 11*h**2. What is s(2)?
-2
Let x(i) = 5*i**3 + 5*i**2 - i - 7. Let k(n) = 11*n**3 + 10*n**2 - 3*n - 15. Let l(y) = -4*k(y) + 9*x(y). What is l(-4)?
1
Let t = 42 - 38. Let d(q) be the second derivative of 1/12*q**t - 1/20*q**5 + 1/2*q**3 + 0 - q**2 + 3*q. Calculate d(3).
-11
Let d(z) = -z**3 - 9*z**2 - 8*z - 8. Let w(f) = -3*f**3 - 27*f**2 - 23*f - 23. Let s(o) = 7*d(o) - 2*w(o). Determine s(-8).
6
Let a(x) = x - 8. Let o(l) = -l**2 - 4*l + 4. Let v be o(-4). Let m = 8 - v. Let r be m/(-10) - 6/(-15). Determine a(r).
-8
Suppose 4*t + 3*x = 2*t + 8, 2*t - 3*x = 8. Let c(j) = -2*j - 4. Calculate c(t).
-12
Suppose -4*d - u + 3 = 0, 6*u + 3 = 3*u. Let h(p) = 11*p**3 - 2*p**2 + 1. What is h(d)?
10
Let j be (1 - -2)*(-3 + 4). Let x(w) = -w**3 - w**2. Let l(g) = 3*g**3 - 3*g - 4. Let v(z) = -l(z) - 2*x(z). Give v(j).
4
Let v be -2*(10/4 + -1). Let h = -3 - v. Let n(w) = -2*w - 2*w**2 - w**3 + h*w - 2*w**3 + 5*w**3. What is n(2)?
4
Suppose 0*r = -2*r + z - 5, 0 = 2*r - 4*z + 8. Let w(l) be the first derivative of -l**3 - l**2 + 2*l + 2. Determine w(r).
-6
Let l(h) = -h**2 + 17 - 11 + 6. Give l(0).
12
Let l be (-3 + 3 + -1)*-25. Suppose -y - 25 = 4*g, l = -6*y + y. Let w(f) be the first derivative of f**4/4 + 2*f**3 + 2*f**2 - 2*f - 1. Calculate w(g).
3
Let p = -39 + 35. Let u(o) = 2*o + 5. Let k(i) = -i - 1. Let h(r) = -k(r) - u(r). What is h(p)?
0
Let p(o) = 2 + 3*o**2 - 2*o**2 + 0*o - 2*o. Let h = 9 + -5. Give p(h).
10
Let r(v) = -v**2 - 5*v + 4. Let z(u) = u**2 + 5*u - 5. Let h(f) = -5*r(f) - 4*z(f). Let b be (-2)/8 + 13/4. Suppose -b*s - 12 = -0*s. Give h(s).
-4
Let c(u) = -4*u**3 - 1. Let i(f) = f**3 - 7*f**2 - 8*f + 2. Let x be i(8). Suppose x*l = l. Suppose 0 = n - 3*n - 4*y - 10, l = -2*n - y - 4. What is c(n)?
3
Let b(q) = -q**3 - 3*q**2 - q + 2. Suppose 4 = -3*w + f, 5*w + 0*f + 25 = -2*f. What is b(w)?
5
Let n(q) be the first derivative of 0*q + 1/2*q**2 + 1. Determine n(-4).
-4
Let v(u) = -u**2 + 10*u - 3. Let d = 25 - 19. Calculate v(d).
21
Suppose -2*c = 5*x + 26, 0*c + 5*c + 27 = -3*x. Let g = c + 0. Let z(r) = -r**3 - r**2 + 3*r - 1. Calculate z(g).
8
Let i(j) = -j - 4. Suppose 4*o - 6 = o. Let t be i(o). Let q(a) = -2*a - 5. Calculate q(t).
7
Let h = -1 + 0. Let p be (2/4)/(h/(-2)). Let w = p + -1. Let f(d) = d**3 - d**2 - d + 3. What is f(w)?
3
Let h(d) = d**2 - d - 1. Let r(k) = -k**2 - 1. Let a(q) = -2*h(q) - r(q). Determine a(4).
-5
Let h(n) be the second derivative of -n**8/6720 - n**7/630 - n**6/240 - n**5/120 - n**4/4 + 